 be t(-8). Suppose w*n = -5 + 41. Calculate the highest common divisor of n and 162.
18
Suppose v + z + 2*z - 35 = 0, 0 = 3*z - 15. What is the greatest common factor of 100 and v?
20
Suppose 0 = -2*z + 8, 3*q = 2*q - 3*z + 129. Let r be (10/15)/2 + (-76)/(-6). What is the greatest common divisor of q and r?
13
Let j be (-447)/(-18) - (-3)/18. What is the highest common factor of 50 and j?
25
Suppose 5*w + j - 502 = 0, 3*w + 4*j - 84 = 224. Let p be 62/6 - 2/6. Calculate the highest common factor of p and w.
10
Let m = -8 - -18. Suppose 2*g + 7 = 57. What is the greatest common divisor of g and m?
5
Let t(d) = d + 28. Let w be t(0). Suppose 0 = -2*s - 0*s. Suppose s = -4*z + 302 - 22. Calculate the greatest common factor of z and w.
14
Let x = 29 - 14. Let h = -17 - -10. Let s(k) = k**3 + 6*k**2 - 6*k + 10. Let p be s(h). What is the greatest common divisor of p and x?
3
Let a(s) = 4*s**2 - s - 1. Let t be a(-6). Suppose -40 = -3*w + t. What is the greatest common factor of w and 7?
7
Suppose v - 4 = -1. Suppose 0*x - v*x = -396. Calculate the highest common divisor of x and 12.
12
Let k = -271 + 431. What is the greatest common factor of 40 and k?
40
Let r = 56 - 39. What is the greatest common factor of 153 and r?
17
Suppose 172 + 348 = 13*v. Calculate the highest common factor of v and 16.
8
Suppose 3*n + 11 = 4*j, -12 = -3*n - n. Suppose 20 = -j*m + 7*m. Calculate the greatest common divisor of m and 10.
10
Let o(s) = -3*s - 3. Let u be o(-4). Suppose -3*k = u, k - 11 = -v - 0. Suppose 2*i - 57 = 83. Calculate the highest common factor of i and v.
14
Let c = -71 + 123. Let n = c + -12. Calculate the highest common factor of 100 and n.
20
Suppose 4*q = -8, -5*u + 4*q - 9*q - 310 = 0. Let i = 124 + u. Suppose -3 = -4*x + 29. Calculate the highest common divisor of i and x.
8
Let x be -21*(-3 + 3/9). Calculate the highest common divisor of x and 14.
14
Suppose -3*v - 10 = -19. Suppose -k + 3*s - 230 = -v*k, 4*s + 216 = 2*k. Calculate the greatest common divisor of k and 14.
14
Suppose -5*h - a + 9 = 0, -5*a + 3*a - 8 = -3*h. Suppose -3*n = 2*n - 160. Suppose n = h*c - c. What is the highest common divisor of 8 and c?
8
Let b be 3/(-2) - ((-71)/2 + -1). What is the highest common divisor of 7 and b?
7
Let i = -68 + 34. Let b = i + 56. What is the greatest common divisor of 2 and b?
2
Suppose 0*h - 5*h + 35 = 0. Suppose h*r - 4*r - 6 = 0. Let i be 37 + r/(-1) + 3. Calculate the highest common factor of 95 and i.
19
Suppose 0 = 4*h - 84 + 32. Calculate the highest common factor of h and 117.
13
Let i = -65 - -68. What is the greatest common factor of i and 5?
1
Let i(k) = k**3 + 4*k**2 - 9*k - 9. Let m be i(-5). What is the greatest common factor of m and 11?
11
Let y(g) = -4*g. Let a be y(-2). What is the greatest common divisor of 88 and a?
8
Suppose 2*v - 90 = -2*a, -v - 21 = 4*a - 192. Let f = -8 + 6. Let p be 5 + f/(-1) + -1. What is the greatest common divisor of a and p?
6
Let p = 91 - 50. What is the greatest common factor of p and 82?
41
Let h be (-1)/((9/(-3))/9). Suppose -h*g = -80 - 64. Calculate the highest common divisor of g and 6.
6
Let v(b) = -b**3 + 4*b**2 - 4*b + 3. Let k be v(3). Suppose k = -0*w + 5*w - 30. Let f = w - -2. Calculate the greatest common divisor of f and 64.
8
Suppose 0 = 2*u - 5 - 61. Suppose -5*n + 57 = -u. Calculate the highest common divisor of n and 12.
6
Suppose 2*o = 4*o - 30. Let h be ((-16)/(-6))/(3/(-9)). Let w = 18 + h. Calculate the greatest common divisor of o and w.
5
Let m(r) = r + 4. Let t be m(0). Let h be (1 - 6)*(-72)/15. What is the greatest common divisor of t and h?
4
Suppose 5*c + f - 63 = -5, c + f - 10 = 0. Calculate the greatest common divisor of 24 and c.
12
Let k = -39 + 60. Suppose 0*c = 3*c - 9. What is the greatest common factor of c and k?
3
Let h(s) = 21*s - 42. Let z be h(7). What is the highest common factor of 15 and z?
15
Let f(x) = x**3 + 3*x**2 - 3*x + 4. Let z be f(-3). Let p = 1 + z. Let a = 24 - p. Calculate the greatest common factor of a and 90.
10
Suppose 120 = 5*n + 15. Suppose 4*b - 34 = 50. Calculate the highest common divisor of n and b.
21
Let l(q) = q**2 - 9*q - 12. Let h be l(11). Let d = 1 + h. What is the highest common factor of 77 and d?
11
Let k(y) = -y**3 + 5*y**2 - y. Let q be k(2). Calculate the highest common factor of 10 and q.
10
Suppose 4*i + 3*m = m - 10, 25 = -5*m. Suppose 18 = 3*g - i*g - 5*s, -3*s = -g + 6. Let w = g - -7. Calculate the highest common factor of w and 117.
13
Let j(y) = -y**3 + 7*y**2 + 20*y - 5. Let v be j(9). What is the greatest common factor of v and 13?
13
Suppose -2*r - t + 72 = r, -3*r + 72 = 3*t. Calculate the highest common factor of r and 168.
24
Let p(l) = -l**3 - 9*l**2 + 10*l + 4. Let r be p(-10). What is the highest common factor of 2 and r?
2
Let b = 20 + 4. Calculate the highest common factor of b and 36.
12
Let i be (-2)/8 - 20/(-16). Let t be 1 + i + 0 + 7. What is the highest common factor of t and 3?
3
Let d = 3 - 3. Let m(l) = 2 - 2 + 1 + 9 - l. Let a be m(d). Calculate the greatest common divisor of a and 20.
10
Let g = -43 + 70. Calculate the highest common factor of 18 and g.
9
Let x be (-1*1)/((-2)/48). Suppose j + 3*n = 0, -27 - 7 = -5*j + 2*n. What is the greatest common divisor of x and j?
6
Suppose x + x - 20 = 0. Let a(o) = o**2 - 10*o + 6. Let h be a(x). Let k be 3 - (-1 + 0 + 0). Calculate the greatest common factor of k and h.
2
Let b = -97 - -106. Let a(t) = 10*t - 4. Let u be a(4). Suppose -3*x + x + u = 0. What is the greatest common divisor of b and x?
9
Suppose 3*a = -4*v + 9, a + 0*v = v + 3. Suppose a*j - 110 = -0*j - w, j - 5*w = 10. Calculate the greatest common divisor of 7 and j.
7
Suppose -75 = 4*j - 211. Calculate the highest common factor of 85 and j.
17
Let u = 31 - 14. What is the highest common factor of u and 51?
17
Suppose -3*m = 2*v + 13 - 41, -2*m - 4*v + 8 = 0. What is the greatest common divisor of 84 and m?
12
Let x(i) = i**3 - 14*i**2 + 14*i - 7. Let a be x(13). Calculate the greatest common factor of a and 12.
6
Let h = 24 + -19. Suppose -3*r + h*c = -5*r + 114, 0 = -2*r - 4*c + 112. Calculate the greatest common divisor of r and 78.
26
Let f = 44 + -26. Suppose -z + f = z. Calculate the highest common divisor of z and 1.
1
Let c = -165 + 203. Calculate the highest common factor of 76 and c.
38
Let f = 3 - -10. What is the greatest common divisor of 117 and f?
13
Suppose -20 = -5*w - 5. Let b(z) = -z**2 + 6*z + 3. Let g be b(w). Suppose 4*i + g = 180. What is the greatest common factor of i and 14?
14
Let h be (-29)/((-3)/(6/2)). Let x = 77 - h. Suppose 3*r - 312 + x = 0. What is the highest common factor of 11 and r?
11
Suppose 3*x = 5*z - 49, -2*z + 5*x - 1 + 13 = 0. What is the greatest common factor of 11 and z?
11
Let q = 265 - 56. Let d(s) = 3*s**2 + 8*s + 3. Let m be d(-4). Calculate the greatest common divisor of q and m.
19
Suppose -4*h + c = -103 + 26, 5*c - 14 = -h. Let y = -8 + h. Suppose 0*g + 264 = 3*g. Calculate the greatest common divisor of g and y.
11
Suppose 4*z = z + 63. Suppose -3*f + 0 = -z. Calculate the highest common factor of 14 and f.
7
Suppose 2*r - 12 = 2*c, 4 - 13 = -4*r - c. Suppose 5*g - 12 = g. Suppose -j + g*i + 2*i = -107, 2*j + r*i = 279. What is the highest common factor of j and 12?
12
Suppose 3*q + 0*q - 24 = 0. What is the greatest common divisor of 1 and q?
1
Let o = -24 + 37. Suppose 4*z + 3*m = -2*m + 198, -4*z - 4*m + 200 = 0. Let l be 1/(-2)*-1*z. What is the greatest common divisor of o and l?
13
Let n = -71 - -86. Calculate the greatest common factor of 5 and n.
5
Let y be 40*(2 - (-5)/(-4)). Let m = y + 7. Let k = 93 - m. What is the highest common factor of 7 and k?
7
Suppose 5*c - 4*b - 15 = 0, -2*c + b = -3*c + 3. Let i = 1 + c. Suppose -5*d = -4*q - 19, i*d + 4*q = -0*q + 8. What is the greatest common divisor of 2 and d?
1
Let v = 2 + 2. Suppose -3*g + 1 = t, v*t - 5 = -3*g - 1. Let c be (1 + g)*(29 - -1). Calculate the greatest common factor of 45 and c.
15
Let o be 770/8 - (-10)/(-40). Calculate the greatest common divisor of o and 12.
12
Suppose 0 = 3*y + 2*k - 4*k - 146, 5*k = y - 27. What is the greatest common divisor of y and 26?
26
Let i = 128 + -56. Suppose -4*m + 30 = -6. What is the highest common fact